pose -3*s + 1786 = h, 0 = 4*s - 2*h - 744 - 1644. List the prime factors of s.
2, 149
Let a(c) = 5*c + 16. Let y be ((-1)/(-2) + -2 - -1)*-12. What are the prime factors of a(y)?
2, 23
Suppose -23 - 9 = -4*w. Let z be (-8 + w)/(-1 - 0). Suppose -2*t - 33 + 91 = z. List the prime factors of t.
29
Let l(d) = 13*d**2 - 50*d. What are the prime factors of l(7)?
7, 41
Let l(t) = 2*t**3 - 4*t**2 + 6*t - 2. Let o be l(4). Let q = o - 145. List the prime factors of (-1)/(3/(q*3)).
59
Let a(x) = 6*x + 16. Let u(h) = h**2 - 5*h - 2. Let b be u(6). What are the prime factors of a(b)?
2, 5
List the prime factors of (-26 - 0)/(6/(-198)) - -4.
2, 431
Let c = 4780 + -2974. List the prime factors of c.
2, 3, 7, 43
Let d be ((-63)/(-9))/((-2)/(-20)). Suppose -8*y = -10*y + d. List the prime factors of y.
5, 7
Let a(p) = -2*p**3 - 17*p**2 - 14*p + 15. Let k(l) = 3*l**3 + 33*l**2 + 29*l - 29. Let z(y) = 5*a(y) + 3*k(y). List the prime factors of z(15).
2, 3
Let d(g) = -2*g + 3. Let o(u) = -3*u + 4. Let v(p) = -8*d(p) + 5*o(p). Let x be v(6). Suppose -x*w = -0*w - 52. What are the prime factors of w?
2, 13
Let h = -507 - -754. List the prime factors of h.
13, 19
Let p(a) = a**2 + 13*a - 15. What are the prime factors of p(7)?
5
Let t(x) = -16*x + 18. List the prime factors of t(-4).
2, 41
Let q(y) = 12*y + 74. Let r be q(-6). Suppose r*m = 7*m - 75. List the prime factors of m.
3, 5
Let b(v) = 149*v - 19. List the prime factors of b(10).
1471
Suppose -3*a = a - 304. Suppose -5*m + 854 = -a. List the prime factors of m.
2, 3, 31
Let h(d) = -15*d + 102. What are the prime factors of h(-9)?
3, 79
Let h(b) = b**3 + 10*b**2 + 9*b + 4. Let j be h(-9). Suppose -30 = l + j*l. List the prime factors of l/(-8) - 388/(-16).
5
Suppose -2*y + 2 = -y. Suppose -54 = -y*d + 32. What are the prime factors of d?
43
Suppose -x = 4*l - 5503, -250*x + 251*x - 2*l = 5479. List the prime factors of x.
3, 31, 59
Let z = 64 - -804. List the prime factors of z.
2, 7, 31
Suppose 0*l = 2*l - 2, -3*c + 31 = l. What are the prime factors of (-60)/(-16)*(-2 + c)?
2, 3, 5
Let d = 15 + -21. Let f(j) = -j**2 - 11 + 4 - 3 - 10*j. What are the prime factors of f(d)?
2, 7
List the prime factors of (-1461*4/(-48))/(5/20).
487
Suppose -6*o + o + 25 = 0. What are the prime factors of -1 + (o - 1) - -10?
13
Let y(j) = -j - 5. Let b be y(-8). Suppose -d = -b*d + 70. What are the prime factors of d?
5, 7
Let h be 1 - (4 - 122)/2. Let n = 17 - h. Let z = -21 - n. What are the prime factors of z?
2, 11
Suppose -4*y - 26 + 74 = 0. List the prime factors of (y/(-8))/((-6)/20).
5
Let n(g) = -g**3 + g**2 + g + 148. Let d be n(0). Let s = d + -57. List the prime factors of s.
7, 13
Let g = -152 - -293. What are the prime factors of g?
3, 47
Suppose 3*b = 6, 3*o = 5*b - 7 - 3. Let y(n) = -n**2 - n + 7. Let k be y(o). Let d = 19 + k. List the prime factors of d.
2, 13
Suppose 0*b - 6*b - 78 = 0. Let i = 23 - b. What are the prime factors of i?
2, 3
Suppose -3*b - 1186 = -2*y, -5*y + 3*y - 4*b = -1172. What are the prime factors of y?
2, 5, 59
Let k = -473 - -895. What are the prime factors of k?
2, 211
Let j be (100/(-8) + -2)*2. Let o = j - -34. Let u(i) = 4*i - 7. What are the prime factors of u(o)?
13
Suppose -p = 2*z + 2, -2*z + 0*p - 4 = 2*p. Suppose z = -3*t + u + 455, -t + 0*t - 4*u + 156 = 0. What are the prime factors of t?
2, 19
Let t = -14 + 16. Suppose -4*f = -t*f + 2. Let z(v) = -22*v. What are the prime factors of z(f)?
2, 11
Let y(t) be the second derivative of t**4/12 + t**3/3 + 77*t**2/2 - 9*t. List the prime factors of y(0).
7, 11
Let q(g) = -4 - 12*g**2 + 0*g**3 + 5*g**3 - 4*g**3 - 12*g + 3. Let f be q(13). List the prime factors of (1 + f)*(-4)/(-4).
13
Suppose 0 = 7*u - 18911 + 5471. What are the prime factors of u?
2, 3, 5
Let o(z) = 3*z - 20. Let m be o(8). Suppose 2*n + m = -16. Let b = 15 + n. List the prime factors of b.
5
Let x be (-9)/(-36) - (-7)/4. Suppose -38 = -3*w + x*w. List the prime factors of w.
2, 19
Suppose 16*l - 12*l = -68. Let h = -15 - l. Suppose 5*z + 21 = h*o, -5*z - 3 = -2*o + 6*o. List the prime factors of o.
3
Let a(c) be the third derivative of c**6/120 + 11*c**5/60 + 11*c**4/24 + 8*c**3/3 - 24*c**2. What are the prime factors of a(-8)?
2, 3, 5
Suppose 4*o = 2*y - 136, 5*o - 61 = 6*y - 7*y. List the prime factors of y.
2, 3, 11
Suppose -97 - 747 = -4*c - 3*h, 5*c - 1055 = h. Suppose c*w + 1248 = 215*w. What are the prime factors of w?
2, 3, 13
Let n = -1047 + 1380. What are the prime factors of n?
3, 37
Let n = -13 + 15. Suppose -g - f = 22, n*f + 0*f = -g - 22. Let r = 12 - g. What are the prime factors of r?
2, 17
Let h(w) = w**2 - 3*w - 6. Suppose 4*k - 3*n = 29, 2*k - 7*k = -3*n - 34. List the prime factors of h(k).
2
Suppose 4*d + 5*i = 6, 2*d - 7 = -i - 1. Suppose 5*r + h - 70 = 3*h, d*r + 4*h - 28 = 0. What are the prime factors of r?
2, 3
Let w = -3968 - -8421. What are the prime factors of w?
61, 73
Let w(y) = y**3 - 15*y**2 - 9*y + 17. Let c(d) = d**3 - 16*d**2 - 10*d + 18. Let s(g) = 3*c(g) - 4*w(g). List the prime factors of s(12).
2, 29
Suppose 5*m + 1922 = 5*u + 6852, 20 = 5*u. What are the prime factors of m?
2, 3, 5, 11
Let p = -4 - -4. Let x = 34 + p. Let b = x + -21. What are the prime factors of b?
13
Let w = -26 - -15. Let a = 124 + w. List the prime factors of a.
113
Let g(f) = 2*f**2 + 7*f - 9. Suppose -3*t + 8 = -10. Let u be g(t). Suppose u = -2*w + 7*w. What are the prime factors of w?
3, 7
Let p(d) = 844*d**2 + 13*d - 11. What are the prime factors of p(1)?
2, 3, 47
Let l = 663 - 174. What are the prime factors of l?
3, 163
Suppose z = -p - 5, -5*p + 12 = 2*z + 37. Let l be 1/5 - (-136)/p. Let v = l + 50. What are the prime factors of v?
23
Let m be 0 + 2 + -3*5. Let p = 15 + m. Suppose -p*n = -3*n + 2. What are the prime factors of n?
2
Suppose 4*d + 3 - 15 = 2*o, -4*o + 26 = 2*d. What are the prime factors of (-4 + 430/o)*2?
3, 23
Let y(q) = -29*q + 46. Let z be y(-11). Let m = 512 - z. What are the prime factors of m?
3, 7
Suppose -29 = -3*b + 5*p, -b + 5*p - 79 = -4*b. Suppose 20*w - 38 = b*w. What are the prime factors of w?
19
Let j(z) = z**3 - 45*z**2 - 120*z - 88. List the prime factors of j(48).
2, 7, 19
Let y = -14 + 30. Let j be (-18)/(-8) - (-12)/y. Suppose -j*f - 3*t = -18, -f - 3*t + 8 = -3*f. What are the prime factors of f?
2
Let o = 335 - -781. List the prime factors of o.
2, 3, 31
Suppose -21*r - r + 14014 = 0. List the prime factors of r.
7, 13
Suppose 0*m + 5*m + 65 = 0. Let w(z) = -3*z**3 + 35*z**2 - 25*z**2 + 2*z**3 - 23*z**2 + 11. List the prime factors of w(m).
11
Let o = -39 - -87. Let p = o - -29. List the prime factors of p.
7, 11
Suppose 20*y + 30 = 23*y. Let w = y + 46. List the prime factors of w.
2, 7
Suppose 546 = -2*d - 4*d. Let m = d - -160. What are the prime factors of m?
3, 23
Let w be 0 - (2 + (-5 - 3)). Suppose -3*v + 19 = 2*k, 30 - w = 4*v + 2*k. Suppose 174 = v*m + 24. List the prime factors of m.
2, 3, 5
Let z = 504 - -18. List the prime factors of z.
2, 3, 29
Suppose 0 = 12*b - 1331 + 467. What are the prime factors of b?
2, 3
Suppose -8*j = 1104 + 624. List the prime factors of (0 + 28/6)*j/(-28).
2, 3
Let l(d) be the third derivative of -d**4/24 + 5*d**3/3 - 3*d**2. Suppose t - 12 = 5*t - 3*q, t + 14 = -2*q. What are the prime factors of l(t)?
2
Let o = 50 + -74. What are the prime factors of (-60)/((-28)/7)*o/(-10)?
2, 3
Suppose -2*q + 5*o = -22, 7*q - 2*q - 3*o = 36. Let n(z) = 53*z**2 + 1 + 6*z - z - q*z. List the prime factors of n(1).
53
Let t be 5/((-2)/12*-2). Let k = -47 + t. Let h = 46 + k. List the prime factors of h.
2, 7
Let y = 18 - 206. Let u be (-3)/(1 + y/184). Suppose -3*p + 72 + u = 0. What are the prime factors of p?
2, 5, 7
Suppose 20*a - 3*y = 22*a - 10955, -5473 = -a + 3*y. List the prime factors of a.
2, 37
Let o be 2/(-5)*-5 + -2. Suppose o*a + 2 = a. Suppose u - p - 2 = 3, a*p + 1 = u. List the prime factors of u.
3
Let h be 2 - (7 + -4 + -6). Suppose 0*n + h*a = -5*n + 15, -2 = -2*a. Suppose 0*p - n*p + 4*g = -26, 3*p = 4*g + 35. What are the prime factors of p?
3
Let q be (-3 - -3) + 2 - -2. Let x be (-10)/50 - 54/5. What are the prime factors of q + x*4*-1?
2, 3
List the prime factors of 618/8*(-200)/(-30).
5, 103
Let q = 280 - 89. What are the prime factors of q?